{"id":189,"date":"2017-09-18T15:27:07","date_gmt":"2017-09-18T13:27:07","guid":{"rendered":"http:\/\/catrionamclean.com\/shopfr\/produit\/dw-3065\/"},"modified":"2026-02-02T09:56:25","modified_gmt":"2026-02-02T08:56:25","slug":"dw-3065","status":"publish","type":"product","link":"https:\/\/catrionamclean.com\/shopfr\/produit\/dw-3065\/","title":{"rendered":"DW 3065 De Wit Plantoir \u00e0 bulbes 2 manches"},"content":{"rendered":"<p>Ce plantoir \u00e0 deux manches est facile \u00e0 utiliser, et vous sauvez le dos lors de la plantation bulbes en masse,les plantes en godet, les plantes du potager -par example- les tomates et les pommes de terre. L&rsquo;outil est plong\u00e9 dans le sol, et lorsqu&rsquo;il est ferm\u00e9, la terre est pi\u00e9g\u00e9e dans la t\u00eate de l&rsquo;outil et lib\u00e9r\u00e9e au-dessus de la bulbe ou de la plante apr\u00e8s son placement dans le trou.<\/p>\n<p>Acier carbone forg\u00e9 en Hollande<br \/>\n2 manches en fr\u00eane<br \/>\nTr\u00e8s solide et facile \u00e0 utiliser.<br \/>\nConfort pour le dos<\/p>\n<p>Fabriqu\u00e9 en Hollande par DE WIT<br \/>\nDimensions: 1100x140x75 mm<br \/>\nPoids: 1.66 kg<\/p>\n<p>De Wit, Artisans depuis 1898<br \/>\nDepuis plus de 115 ans, le nom de De Wit est synonyme d\u2019un artisanat fiable et de grande qualit\u00e9. Depuis 1898, la famille De Wit fabrique des outils de jardinage et des outils agricoles en acier au carbone dans leur fonderie dans le nord de la Hollande.<br \/>\nC\u2019est une entreprise familiale qui associe l\u2019artisanat \u00e0 la tradition mais qui n\u2019a pas peur d\u2019innover.<br \/>\nChoisir De Wit est une garantie d\u2019avoir des outils forg\u00e9s de la meilleure qualit\u00e9, avec une gamme de produits r\u00e9put\u00e9s dans le monde entier.<br \/>\nLes outils en acier forg\u00e9 sont les plus r\u00e9sistants. L\u2019acier au carbone est par nature beaucoup plus solide que l\u2019acier inoxydable.<br \/>\nCes outils en acier forg\u00e9s \u00e0 la main, sont d\u2019excellente qualit\u00e9 et sont les meilleurs pour jardiner. Le nom De Wit est tr\u00e8s renomm\u00e9 dans le monde du jardinage.<br \/>\nChaque mod\u00e8le poss\u00e8de une teneur en carbone ajout\u00e9e \u00e0 l\u2019acier, bien sp\u00e9cifique en fonction de son utilisation. Les lames sont forg\u00e9es \u00e0 la main et p\u00e9n\u00e8trent dans le sol avec beaucoup de facilit\u00e9 gr\u00e2ce \u00e0 leur bord effil\u00e9.<br \/>\nLes poign\u00e9es en bois franc sont en fr\u00eane europ\u00e9en de source durable. Elles sont huil\u00e9es et la prise en main est douce et tr\u00e8s confortable, m\u00eame pour le jardinage difficile.<\/p>\n","protected":false},"excerpt":{"rendered":"<p>Plantoir \u00e0 bulbes 2 manche en acier carbone.Les manches en fr\u00eane.Facile pour faire les trous.<br \/>\n<em>Two handled bulbplanter<\/em><\/p>\n","protected":false},"featured_media":190,"comment_status":"closed","ping_status":"closed","template":"","meta":{"_links_to":"","_links_to_target":""},"product_brand":[],"product_cat":[34],"product_tag":[162,163],"class_list":{"0":"post-189","1":"product","2":"type-product","3":"status-publish","4":"has-post-thumbnail","6":"product_cat-outils-a-manche-de-wit","7":"product_tag-de-wit","8":"product_tag-plantoir-bulbes","9":"product_shipping_class-col10k","11":"first","12":"instock","13":"purchasable","14":"product-type-simple"},"jetpack_sharing_enabled":true,"_links":{"self":[{"href":"https:\/\/catrionamclean.com\/shopfr\/wp-json\/wp\/v2\/product\/189","targetHints":{"allow":["GET"]}}],"collection":[{"href":"https:\/\/catrionamclean.com\/shopfr\/wp-json\/wp\/v2\/product"}],"about":[{"href":"https:\/\/catrionamclean.com\/shopfr\/wp-json\/wp\/v2\/types\/product"}],"replies":[{"embeddable":true,"href":"https:\/\/catrionamclean.com\/shopfr\/wp-json\/wp\/v2\/comments?post=189"}],"wp:featuredmedia":[{"embeddable":true,"href":"https:\/\/catrionamclean.com\/shopfr\/wp-json\/wp\/v2\/media\/190"}],"wp:attachment":[{"href":"https:\/\/catrionamclean.com\/shopfr\/wp-json\/wp\/v2\/media?parent=189"}],"wp:term":[{"taxonomy":"product_brand","embeddable":true,"href":"https:\/\/catrionamclean.com\/shopfr\/wp-json\/wp\/v2\/product_brand?post=189"},{"taxonomy":"product_cat","embeddable":true,"href":"https:\/\/catrionamclean.com\/shopfr\/wp-json\/wp\/v2\/product_cat?post=189"},{"taxonomy":"product_tag","embeddable":true,"href":"https:\/\/catrionamclean.com\/shopfr\/wp-json\/wp\/v2\/product_tag?post=189"}],"curies":[{"name":"wp","href":"https:\/\/api.w.org\/{rel}","templated":true}]}}