{"id":192,"date":"2017-09-18T15:27:07","date_gmt":"2017-09-18T13:27:07","guid":{"rendered":"http:\/\/catrionamclean.com\/shopfr\/produit\/dw-3070\/"},"modified":"2023-02-02T17:34:06","modified_gmt":"2023-02-02T16:34:06","slug":"dw-3070","status":"publish","type":"product","link":"https:\/\/catrionamclean.com\/shopfr\/produit\/dw-3070\/","title":{"rendered":"DW 3070 De Wit D\u00e9sherbeur disque &#8211; 140mm"},"content":{"rendered":"<p>Petit outil sarcloir rond au contour aiguis\u00e9 en acier carbone. Polyvalent au jardin pour d\u00e9sherber, a\u00e9rer et cultiver le sol autour les plantes et vivaces.<br \/>\nSolide et efficace pour tous types de travail au potager ou au jardin.<\/p>\n<p>Disque aiguis\u00e9 pour arracher les mauvaises herbes nouvellement enracin\u00e9es en surface du sol.<\/p>\n<p>Acier carbone forg\u00e9<\/p>\n<p>Poign\u00e9e en fr\u00eane<br \/>\nFabriqu\u00e9 en Hollande par DE WIT<br \/>\nDimensions: 310x70x50 mm<br \/>\nPoids: 0.18 kg<\/p>\n<p>De Wit, Artisans depuis 1898<br \/>\nDepuis plus de 115 ans, le nom de De Wit est synonyme d\u2019un artisanat fiable et de grande qualit\u00e9. Depuis 1898, la famille De Wit fabrique des outils de jardinage et des outils agricoles en acier au carbone dans leur fonderie dans le nord de la Hollande.<br \/>\nC\u2019est une entreprise familiale qui associe l&rsquo;artisanat \u00e0 la tradition, qui n&rsquo;a pas peur de l&rsquo;innovation. Choisir De Wit est une garantie pour la qualit\u00e9 la plus fine des outils forg\u00e9s, avec une gamme de produits v\u00e9n\u00e9r\u00e9s dans le monde entier.<br \/>\nLes outils en acier forg\u00e9 sont les plus r\u00e9sistants. L\u2019acier au carbone est par nature beaucoup plus solide que l&rsquo;acier inoxydable.<br \/>\nCes outils en acier forg\u00e9s \u00e0 la main, sont de la plus haute qualit\u00e9, et sont les meilleurs pour jardiner .Le nom De Wit est renomm\u00e9 dans le monde du jardinage.<br \/>\nChaque mod\u00e8le poss\u00e8de une teneur en carbone en acier sp\u00e9cifique en fonction de son utilisation. Les lames sont forg\u00e9es \u00e0 la main avec un bord effil\u00e9 qui p\u00e9n\u00e8trent dans le sol avec beaucoup de facilit\u00e9.<br \/>\nLes poign\u00e9es en bois franc sont en fr\u00eane europ\u00e9en de source durable. Elles sont huil\u00e9es et la prise en main est douce et tr\u00e8s confortable, m\u00eame pour le jardinage difficile.<\/p>\n","protected":false},"excerpt":{"rendered":"<p style=\"background: white; margin: 0cm 0cm 17.0pt 0cm;\"><span lang=\"FR\" style=\"font-size: 13.5pt; font-family: 'Helvetica','sans-serif';\">Petit outil sarcloir rond au contour aiguis\u00e9 en acier carbone. Polyvalent au jardin pour le d\u00e9sherbage<br \/>\n<em><span style=\"font-family: 'Helvetica','sans-serif';\">Garden Disc \u2013 140mm<\/span><\/em><\/span><\/p>\n","protected":false},"featured_media":193,"comment_status":"closed","ping_status":"closed","template":"","meta":{"_links_to":"","_links_to_target":""},"product_brand":[],"product_cat":[16],"product_tag":[162,27],"class_list":{"0":"post-192","1":"product","2":"type-product","3":"status-publish","4":"has-post-thumbnail","6":"product_cat-outils-a-main-de-wit","7":"product_tag-de-wit","8":"product_tag-desherbeur","9":"product_shipping_class-col500","11":"first","12":"outofstock","13":"purchasable","14":"product-type-simple"},"jetpack_sharing_enabled":true,"_links":{"self":[{"href":"https:\/\/catrionamclean.com\/shopfr\/wp-json\/wp\/v2\/product\/192","targetHints":{"allow":["GET"]}}],"collection":[{"href":"https:\/\/catrionamclean.com\/shopfr\/wp-json\/wp\/v2\/product"}],"about":[{"href":"https:\/\/catrionamclean.com\/shopfr\/wp-json\/wp\/v2\/types\/product"}],"replies":[{"embeddable":true,"href":"https:\/\/catrionamclean.com\/shopfr\/wp-json\/wp\/v2\/comments?post=192"}],"wp:featuredmedia":[{"embeddable":true,"href":"https:\/\/catrionamclean.com\/shopfr\/wp-json\/wp\/v2\/media\/193"}],"wp:attachment":[{"href":"https:\/\/catrionamclean.com\/shopfr\/wp-json\/wp\/v2\/media?parent=192"}],"wp:term":[{"taxonomy":"product_brand","embeddable":true,"href":"https:\/\/catrionamclean.com\/shopfr\/wp-json\/wp\/v2\/product_brand?post=192"},{"taxonomy":"product_cat","embeddable":true,"href":"https:\/\/catrionamclean.com\/shopfr\/wp-json\/wp\/v2\/product_cat?post=192"},{"taxonomy":"product_tag","embeddable":true,"href":"https:\/\/catrionamclean.com\/shopfr\/wp-json\/wp\/v2\/product_tag?post=192"}],"curies":[{"name":"wp","href":"https:\/\/api.w.org\/{rel}","templated":true}]}}