{"id":398,"date":"2017-09-18T15:28:31","date_gmt":"2017-09-18T13:28:31","guid":{"rendered":"http:\/\/catrionamclean.com\/shopfr\/produit\/snb-8018\/"},"modified":"2025-05-10T14:05:13","modified_gmt":"2025-05-10T12:05:13","slug":"snb-8018","status":"publish","type":"product","link":"https:\/\/catrionamclean.com\/shopfr\/produit\/snb-8018\/","title":{"rendered":"Sneeboer Fourchette de d\u00e9sherbage"},"content":{"rendered":"<p>Une solution simple et \u00e9l\u00e9gante \u00e0 un probl\u00e8me r\u00e9current.<br \/>\nLe \u00ab\u00a0Wrotter\u00a0\u00bb est  qui vient de la partie nord des Pays-Bas appel\u00e9e \u00ab\u00a0frison\u00a0\u00bb. Wrotter signifie simplement \u00abtravailleur robuste\u00a0\u00bb qui d\u00e9crit habilement cet outil incroyablement utile magnifiquement. La t\u00eate en forme et un angle pr\u00e9cis unique permet d\u00e9sherbage facile autour des plantes \u00e9tablies. Il est facile de pousser dans le sol pour enlever les racines des mauvaises herbes profondes et appuyez sur enracin\u00e9 permettant leur \u00e9limination, plut\u00f4t que de les couper et est de loin sup\u00e9rieure \u00e0 la houe \u00e0 cette offre. <\/p>\n<p>Excellent pour enlever les plantes, le d\u00e9sherbage dans les espaces restreints entre les bordures et o\u00f9 il est difficile d&rsquo;acc\u00e8s. Poign\u00e9e de bois de ch\u00eane.<\/p>\n<p>Fonction de l&rsquo;outil: \u00e9limination des mauvaises herbes, Le d\u00e9sherbage dans des endroits difficiles et difficiles mauvaises herbes \u00e0 racines profondes<br \/>\nPoign\u00e9e de bois de ch\u00eane.<br \/>\nFabrication \u00e0 main inox en Hollande<br \/>Fabriqu\u00e9 en Hollande par SNEEBOER<br \/>Poids: 0.2 kg<\/p>\n<p>Sneeboer Artisans depuis 1913<br \/>\nSneeboer est internationalement renomm\u00e9 pour  ses outils de jardin forg\u00e9s \u00e0 la main de haute qualit\u00e9, en acier inoxydable. La soci\u00e9t\u00e9 est hollandaise  et bas\u00e9e dans le nord-ouest des Pays-Bas et a \u00e9t\u00e9 fond\u00e9e en 1913.<br \/>\nTous les outils sont forg\u00e9s \u00e0 la main en utilisant de l&rsquo;acier inoxydable de haute qualit\u00e9 et les poign\u00e9es sont fabriqu\u00e9es \u00e0 la main en bois de  fr\u00eane ou en bois de  cerisier par des artisans qualifi\u00e9s utilisant des techniques pratiqu\u00e9es et d\u00e9velopp\u00e9es depuis plus d&rsquo;un si\u00e8cle.<br \/>\nLes jardiniers s\u00e9rieux ach\u00e8tent des outils Sneeboer pour leur long\u00e9vit\u00e9, leur capacit\u00e9 \u00e0 faire habilement le travail pour lequel ils sont con\u00e7us, et parce que chaque outil  est un plaisir prendre en main et \u00e0 utiliser.<\/p>\n","protected":false},"excerpt":{"rendered":"<p>Fourchette de d\u00e9sherbage nomm\u00e9 Wrotter- un vieux mot n\u00e9erlandais signifie simplement \u00abtravailleur robuste\u00a0\u00bb. Inox avec poign\u00e9e en fr\u00eane<br \/>\n<br \/><em>Wrotter<\/em><\/p>\n","protected":false},"featured_media":399,"comment_status":"closed","ping_status":"closed","template":"","meta":{"_links_to":"","_links_to_target":""},"product_brand":[],"product_cat":[53],"product_tag":[27,150],"class_list":{"0":"post-398","1":"product","2":"type-product","3":"status-publish","4":"has-post-thumbnail","6":"product_cat-outils-a-main-sneeboer","7":"product_tag-desherbeur","8":"product_tag-sneeboer","9":"product_shipping_class-col500","11":"first","12":"instock","13":"sale","14":"purchasable","15":"product-type-simple"},"jetpack_sharing_enabled":true,"_links":{"self":[{"href":"https:\/\/catrionamclean.com\/shopfr\/wp-json\/wp\/v2\/product\/398","targetHints":{"allow":["GET"]}}],"collection":[{"href":"https:\/\/catrionamclean.com\/shopfr\/wp-json\/wp\/v2\/product"}],"about":[{"href":"https:\/\/catrionamclean.com\/shopfr\/wp-json\/wp\/v2\/types\/product"}],"replies":[{"embeddable":true,"href":"https:\/\/catrionamclean.com\/shopfr\/wp-json\/wp\/v2\/comments?post=398"}],"wp:featuredmedia":[{"embeddable":true,"href":"https:\/\/catrionamclean.com\/shopfr\/wp-json\/wp\/v2\/media\/399"}],"wp:attachment":[{"href":"https:\/\/catrionamclean.com\/shopfr\/wp-json\/wp\/v2\/media?parent=398"}],"wp:term":[{"taxonomy":"product_brand","embeddable":true,"href":"https:\/\/catrionamclean.com\/shopfr\/wp-json\/wp\/v2\/product_brand?post=398"},{"taxonomy":"product_cat","embeddable":true,"href":"https:\/\/catrionamclean.com\/shopfr\/wp-json\/wp\/v2\/product_cat?post=398"},{"taxonomy":"product_tag","embeddable":true,"href":"https:\/\/catrionamclean.com\/shopfr\/wp-json\/wp\/v2\/product_tag?post=398"}],"curies":[{"name":"wp","href":"https:\/\/api.w.org\/{rel}","templated":true}]}}