{"id":7382,"date":"2020-02-18T14:50:56","date_gmt":"2020-02-18T13:50:56","guid":{"rendered":"https:\/\/catrionamclean.com\/shopfr\/?post_type=product&#038;p=7382"},"modified":"2022-03-23T11:23:11","modified_gmt":"2022-03-23T10:23:11","slug":"onoyoshi-secateur-b-200mm","status":"publish","type":"product","link":"https:\/\/catrionamclean.com\/shopfr\/produit\/onoyoshi-secateur-b-200mm\/","title":{"rendered":"Onoyoshi S\u00e9cateur B 200mm"},"content":{"rendered":"<p>Ces beaux s\u00e9cateurs de qualit\u00e9 sup\u00e9rieure sont sign\u00e9s Onoyoshi Hamono, qui fabrique des outils \u00e0 Ono-city au Japon depuis 1936.<\/p>\n<p>Ils sont forg\u00e9s \u00e0 la main \u00e0 partir de acier au carbone de haute qualit\u00e9.<\/p>\n<p>Fourni dans une belle bo\u00eete noire et avec un ressort de rechange en standard.\u00a0 Ces s\u00e9cateurs s&rsquo;int\u00e8grent parfaitement dans notre pochette en cuir.<\/p>\n","protected":false},"excerpt":{"rendered":"<p>Ces beaux s\u00e9cateurs de qualit\u00e9 sup\u00e9rieure sont sign\u00e9s Onoyoshi Hamono, qui fabrique des outils \u00e0 Ono-city au Japon depuis 1936.<\/p>\n<p>Ils sont forg\u00e9s \u00e0 la main \u00e0 partir de acier au carbone de haute qualit\u00e9.<\/p>\n<p>Fourni dans une belle bo\u00eete noire et avec un ressort de rechange en standard.\u00a0 Ces s\u00e9cateurs s&rsquo;int\u00e8grent parfaitement dans notre pochette en cuir.<\/p>\n","protected":false},"featured_media":7384,"comment_status":"closed","ping_status":"closed","template":"","meta":{"_links_to":"","_links_to_target":""},"product_brand":[],"product_cat":[43],"product_tag":[45],"class_list":{"0":"post-7382","1":"product","2":"type-product","3":"status-publish","4":"has-post-thumbnail","6":"product_cat-secateurs-epinettes-okatsune","7":"product_tag-secateur","8":"product_shipping_class-col500","10":"first","11":"outofstock","12":"purchasable","13":"product-type-simple"},"jetpack_sharing_enabled":true,"_links":{"self":[{"href":"https:\/\/catrionamclean.com\/shopfr\/wp-json\/wp\/v2\/product\/7382","targetHints":{"allow":["GET"]}}],"collection":[{"href":"https:\/\/catrionamclean.com\/shopfr\/wp-json\/wp\/v2\/product"}],"about":[{"href":"https:\/\/catrionamclean.com\/shopfr\/wp-json\/wp\/v2\/types\/product"}],"replies":[{"embeddable":true,"href":"https:\/\/catrionamclean.com\/shopfr\/wp-json\/wp\/v2\/comments?post=7382"}],"wp:featuredmedia":[{"embeddable":true,"href":"https:\/\/catrionamclean.com\/shopfr\/wp-json\/wp\/v2\/media\/7384"}],"wp:attachment":[{"href":"https:\/\/catrionamclean.com\/shopfr\/wp-json\/wp\/v2\/media?parent=7382"}],"wp:term":[{"taxonomy":"product_brand","embeddable":true,"href":"https:\/\/catrionamclean.com\/shopfr\/wp-json\/wp\/v2\/product_brand?post=7382"},{"taxonomy":"product_cat","embeddable":true,"href":"https:\/\/catrionamclean.com\/shopfr\/wp-json\/wp\/v2\/product_cat?post=7382"},{"taxonomy":"product_tag","embeddable":true,"href":"https:\/\/catrionamclean.com\/shopfr\/wp-json\/wp\/v2\/product_tag?post=7382"}],"curies":[{"name":"wp","href":"https:\/\/api.w.org\/{rel}","templated":true}]}}