{"id":754,"date":"2017-09-24T12:53:05","date_gmt":"2017-09-24T10:53:05","guid":{"rendered":"http:\/\/catrionamclean.com\/shopfr\/produit\/fox-06\/"},"modified":"2024-03-18T16:34:49","modified_gmt":"2024-03-18T15:34:49","slug":"fox-06","status":"publish","type":"product","link":"https:\/\/catrionamclean.com\/shopfr\/produit\/fox-06\/","title":{"rendered":"Foxgloves Gants de Jardin Rouge"},"content":{"rendered":"<p>Tissu extensible pour un ajustement parfait.<br \/>\nR\u00e9sistant \u00e0 l&rsquo;eau &lsquo;Hi-Tech&rsquo; tissue de sport pour durabilit\u00e9 et confort.<br \/>\nSupplex\u00ae nylon et Lycra\u00ae elastene pour \u00e9tirement \u00e0 quatre voies.<br \/>\nTaille Petit 6 -6\u00bd petite mains et doigts courts<br \/>\nTaille Moyen 6\u00bd &#8211; 8 La plupart des mains<br \/>\nTaille Grand 8\u00bd + Mains plus grandes (hommes et femmes)<br \/>\npar FOXGLOVES<br \/>\nPoids: 0.1 kg<\/p>\n<p>La gamme Foxgloves offre un choix exceptionnel de gants de jardinage aussi beaux que confortables.<\/p>\n<p>Avec cette marque, nous vous proposons, \u00e0 pr\u00e9sent, des gants de jardin, haut de gamme qui seront, non seulement pratiques mais aussi comme une seconde peau qui prot\u00e8gera vos mains de mani\u00e8re tr\u00e8s efficace. Disponibles en deux qualit\u00e9s, selon votre choix, ces gants prot\u00e8geront poignet et avant-bras, gr\u00e2ce \u00e0 leur longueur bien adapt\u00e9e.<\/p>\n<p>Ces gants ont \u00e9t\u00e9 con\u00e7us aux Etats-Unis, par Harriet Zbikowski, horticultrice professionnelle, qui privil\u00e9gie toujours beaut\u00e9 et qualit\u00e9 pour les articles qu\u2019elle a cr\u00e9\u00e9s.<\/p>\n<p>Ces gants sont fabriqu\u00e9s en nylon Supplex high-tech m\u00e9lang\u00e9 \u00e0 du Lycra Spandex qui les rend extensibles, tout en \u00e9pousant parfaitement la forme de la main pour une dext\u00e9rit\u00e9 et un confort exceptionnels.<\/p>\n<p>Foxgloves sont disponibles dans une superbe gamme de couleurs &#8211; couleurs classiques sombres et neutres pour les puristes, mais aussi dans des tons vifs et color\u00e9s pour les fashionistas du jardin!<\/p>\n<p>Foxgloves sont lavables en machine, s\u00e8chent rapidement et retrouvent une forme impeccable. La plupart des jardiniers que nous connaissons, qui aiment Foxgloves en ont plusieurs paires, dans des couleurs diff\u00e9rentes.<\/p>\n","protected":false},"excerpt":{"rendered":"<p>Gants de jardin avec points silicone pour assurer une tenue s\u00fbre.<br \/>\n<em>Foxgloves Tulip Red<\/em><\/p>\n","protected":false},"featured_media":755,"comment_status":"closed","ping_status":"closed","template":"","meta":{"_links_to":"","_links_to_target":""},"product_brand":[],"product_cat":[99],"product_tag":[165,67],"class_list":{"0":"post-754","1":"product","2":"type-product","3":"status-publish","4":"has-post-thumbnail","6":"product_cat-gants-foxgloves","7":"product_tag-foxgloves","8":"product_tag-gants","9":"product_shipping_class-col250","11":"first","12":"outofstock","13":"purchasable","14":"product-type-variable"},"jetpack_sharing_enabled":true,"_links":{"self":[{"href":"https:\/\/catrionamclean.com\/shopfr\/wp-json\/wp\/v2\/product\/754","targetHints":{"allow":["GET"]}}],"collection":[{"href":"https:\/\/catrionamclean.com\/shopfr\/wp-json\/wp\/v2\/product"}],"about":[{"href":"https:\/\/catrionamclean.com\/shopfr\/wp-json\/wp\/v2\/types\/product"}],"replies":[{"embeddable":true,"href":"https:\/\/catrionamclean.com\/shopfr\/wp-json\/wp\/v2\/comments?post=754"}],"wp:featuredmedia":[{"embeddable":true,"href":"https:\/\/catrionamclean.com\/shopfr\/wp-json\/wp\/v2\/media\/755"}],"wp:attachment":[{"href":"https:\/\/catrionamclean.com\/shopfr\/wp-json\/wp\/v2\/media?parent=754"}],"wp:term":[{"taxonomy":"product_brand","embeddable":true,"href":"https:\/\/catrionamclean.com\/shopfr\/wp-json\/wp\/v2\/product_brand?post=754"},{"taxonomy":"product_cat","embeddable":true,"href":"https:\/\/catrionamclean.com\/shopfr\/wp-json\/wp\/v2\/product_cat?post=754"},{"taxonomy":"product_tag","embeddable":true,"href":"https:\/\/catrionamclean.com\/shopfr\/wp-json\/wp\/v2\/product_tag?post=754"}],"curies":[{"name":"wp","href":"https:\/\/api.w.org\/{rel}","templated":true}]}}