{"id":7582,"date":"2021-11-17T15:38:14","date_gmt":"2021-11-17T14:38:14","guid":{"rendered":"https:\/\/catrionamclean.com\/shopfr\/?post_type=product&#038;p=7582"},"modified":"2024-03-15T19:34:56","modified_gmt":"2024-03-15T18:34:56","slug":"arens-pelle-sneeboer-snb-4017","status":"publish","type":"product","link":"https:\/\/catrionamclean.com\/shopfr\/produit\/arens-pelle-sneeboer-snb-4017\/","title":{"rendered":"Arens pelle Sneeboer SNB 4017"},"content":{"rendered":"<p><img data-recalc-dims=\"1\" loading=\"lazy\" decoding=\"async\" class=\"alignnone size-medium wp-image-7585\" src=\"https:\/\/i0.wp.com\/catrionamclean.com\/shopfr\/wp-content\/uploads\/8715093045174-1-4017-Arens-trowel.jpg?resize=300%2C300&#038;ssl=1\" alt=\"\" width=\"300\" height=\"300\" srcset=\"https:\/\/i0.wp.com\/catrionamclean.com\/shopfr\/wp-content\/uploads\/8715093045174-1-4017-Arens-trowel.jpg?resize=300%2C300&amp;ssl=1 300w, https:\/\/i0.wp.com\/catrionamclean.com\/shopfr\/wp-content\/uploads\/8715093045174-1-4017-Arens-trowel.jpg?w=1024&amp;ssl=1 1024w, https:\/\/i0.wp.com\/catrionamclean.com\/shopfr\/wp-content\/uploads\/8715093045174-1-4017-Arens-trowel.jpg?resize=150%2C150&amp;ssl=1 150w, https:\/\/i0.wp.com\/catrionamclean.com\/shopfr\/wp-content\/uploads\/8715093045174-1-4017-Arens-trowel.jpg?resize=768%2C768&amp;ssl=1 768w, https:\/\/i0.wp.com\/catrionamclean.com\/shopfr\/wp-content\/uploads\/8715093045174-1-4017-Arens-trowel.jpg?resize=324%2C324&amp;ssl=1 324w, https:\/\/i0.wp.com\/catrionamclean.com\/shopfr\/wp-content\/uploads\/8715093045174-1-4017-Arens-trowel.jpg?resize=416%2C416&amp;ssl=1 416w, https:\/\/i0.wp.com\/catrionamclean.com\/shopfr\/wp-content\/uploads\/8715093045174-1-4017-Arens-trowel.jpg?resize=100%2C100&amp;ssl=1 100w\" sizes=\"auto, (max-width: 300px) 100vw, 300px\" \/><img data-recalc-dims=\"1\" loading=\"lazy\" decoding=\"async\" class=\"alignnone size-full wp-image-7584\" src=\"https:\/\/i0.wp.com\/catrionamclean.com\/shopfr\/wp-content\/uploads\/8715093045075-6-100x100-4007.jpg?resize=100%2C100&#038;ssl=1\" alt=\"\" width=\"100\" height=\"100\" \/><img data-recalc-dims=\"1\" loading=\"lazy\" decoding=\"async\" class=\"alignnone size-medium wp-image-7583\" src=\"https:\/\/i0.wp.com\/catrionamclean.com\/shopfr\/wp-content\/uploads\/8715093045075-4-4007.jpg?resize=300%2C300&#038;ssl=1\" alt=\"\" width=\"300\" height=\"300\" srcset=\"https:\/\/i0.wp.com\/catrionamclean.com\/shopfr\/wp-content\/uploads\/8715093045075-4-4007.jpg?resize=300%2C300&amp;ssl=1 300w, https:\/\/i0.wp.com\/catrionamclean.com\/shopfr\/wp-content\/uploads\/8715093045075-4-4007.jpg?w=1024&amp;ssl=1 1024w, https:\/\/i0.wp.com\/catrionamclean.com\/shopfr\/wp-content\/uploads\/8715093045075-4-4007.jpg?resize=150%2C150&amp;ssl=1 150w, https:\/\/i0.wp.com\/catrionamclean.com\/shopfr\/wp-content\/uploads\/8715093045075-4-4007.jpg?resize=768%2C768&amp;ssl=1 768w, https:\/\/i0.wp.com\/catrionamclean.com\/shopfr\/wp-content\/uploads\/8715093045075-4-4007.jpg?resize=324%2C324&amp;ssl=1 324w, https:\/\/i0.wp.com\/catrionamclean.com\/shopfr\/wp-content\/uploads\/8715093045075-4-4007.jpg?resize=416%2C416&amp;ssl=1 416w, https:\/\/i0.wp.com\/catrionamclean.com\/shopfr\/wp-content\/uploads\/8715093045075-4-4007.jpg?resize=100%2C100&amp;ssl=1 100w\" sizes=\"auto, (max-width: 300px) 100vw, 300px\" \/>SNB 4017 Arens Pelle<\/p>\n<p>Cette pelle \u00e0 transplanter est d\u00e9velopp\u00e9e par et pour Georg Arends. Arends a fond\u00e9 sa p\u00e9pini\u00e8re en 1888 et a gagn\u00e9 beaucoup de d\u00e9corations d&rsquo;une soci\u00e9t\u00e9 anglais pour l&rsquo;horticulture (Royal Horticultural Society) pour ses plantes. En 1920 sa pelle a \u00e9t\u00e9 r\u00e9alis\u00e9 pour l&rsquo;utilisation professionnelle. Nous avons trouv\u00e9 la pelle dans \u00ab\u00a0l&rsquo;archives d&rsquo;Arends\u00a0\u00bb et nous avons lanc\u00e9 encore une fois la pelle d&rsquo;Arends.<br \/>\nAvec cette pelle vous pouvez cr\u00e9er un trous parfait au sol. Par sa conception ergonomique, cette pelle \u00e9vite du mal au poignet.<\/p>\n<p>Code article 4017-140250<\/p>\n<p>Dimension de la t\u00eate 12 cm<br \/>\nLongueur de t\u00eate 15,5 cm<br \/>\nDimension du manche 14 cm<br \/>\nLongueur totale 31 cm<br \/>\nMat\u00e9riel du manche bois de fr\u00eane<br \/>\nPoids 0,3 kg<\/p>\n","protected":false},"excerpt":{"rendered":"<p>Il s&rsquo;agit d&rsquo;une pelle\u00a0 de jardin classique pour creuser, planter et rempoter. Fabriqu\u00e9 par Sneeboer en acier inoxydable et solide.<\/p>\n","protected":false},"featured_media":7585,"comment_status":"closed","ping_status":"closed","template":"","meta":{"_links_to":"","_links_to_target":""},"product_brand":[],"product_cat":[54,53,56,139],"product_tag":[148,29,147,21,150],"class_list":{"0":"post-7582","1":"product","2":"type-product","3":"status-publish","4":"has-post-thumbnail","6":"product_cat-houes-a-main-sneeboer","7":"product_cat-outils-a-main-sneeboer","8":"product_cat-outils-a-manche-sneeboer","9":"product_cat-outils-sneeboer","10":"product_tag-frene","11":"product_tag-houe","12":"product_tag-inox","13":"product_tag-pelle","14":"product_tag-sneeboer","15":"product_shipping_class-col500","17":"first","18":"instock","19":"sale","20":"featured","21":"purchasable","22":"product-type-simple"},"jetpack_sharing_enabled":true,"_links":{"self":[{"href":"https:\/\/catrionamclean.com\/shopfr\/wp-json\/wp\/v2\/product\/7582","targetHints":{"allow":["GET"]}}],"collection":[{"href":"https:\/\/catrionamclean.com\/shopfr\/wp-json\/wp\/v2\/product"}],"about":[{"href":"https:\/\/catrionamclean.com\/shopfr\/wp-json\/wp\/v2\/types\/product"}],"replies":[{"embeddable":true,"href":"https:\/\/catrionamclean.com\/shopfr\/wp-json\/wp\/v2\/comments?post=7582"}],"wp:featuredmedia":[{"embeddable":true,"href":"https:\/\/catrionamclean.com\/shopfr\/wp-json\/wp\/v2\/media\/7585"}],"wp:attachment":[{"href":"https:\/\/catrionamclean.com\/shopfr\/wp-json\/wp\/v2\/media?parent=7582"}],"wp:term":[{"taxonomy":"product_brand","embeddable":true,"href":"https:\/\/catrionamclean.com\/shopfr\/wp-json\/wp\/v2\/product_brand?post=7582"},{"taxonomy":"product_cat","embeddable":true,"href":"https:\/\/catrionamclean.com\/shopfr\/wp-json\/wp\/v2\/product_cat?post=7582"},{"taxonomy":"product_tag","embeddable":true,"href":"https:\/\/catrionamclean.com\/shopfr\/wp-json\/wp\/v2\/product_tag?post=7582"}],"curies":[{"name":"wp","href":"https:\/\/api.w.org\/{rel}","templated":true}]}}